{"id":2270,"date":"2025-11-06T10:49:56","date_gmt":"2025-11-06T09:49:56","guid":{"rendered":"https:\/\/cevenord-besseges.com\/?page_id=2270"},"modified":"2025-11-13T11:11:22","modified_gmt":"2025-11-13T10:11:22","slug":"espaces-de-stockage-ateliers-garages","status":"publish","type":"page","link":"https:\/\/cevenord-besseges.com\/index.php\/locations\/espaces-de-stockage-ateliers-garages\/","title":{"rendered":"ESPACES DE STOCKAGE, ATELIERS, GARAGES"},"content":{"rendered":"<div class=\"wpb-content-wrapper\"><p>[vc_row][vc_column]<div class=\"ult-spacer spacer-69fb1c1c59772\" data-id=\"69fb1c1c59772\" data-height=\"80\" data-height-mobile=\"50\" data-height-tab=\"80\" data-height-tab-portrait=\"60\" data-height-mobile-landscape=\"50\" style=\"clear:both;display:block;\"><\/div>[vc_column_text css=\u00a0\u00bb\u00a0\u00bb]Location de box de 36 m\u00b2 \u00e0 72 m\u00b2 avec acc\u00e8s par volet roulant \u00e9lectrique de 3m x 3m, ainsi qu\u2019une porte de service.<br \/>\nPossibilit\u00e9 de coupler 2 box pour augmenter votre surface. \u00c0 partir de 210 \u20ac (charges comprises sauf \u00e9lectricit\u00e9).<br \/>\nCes locaux sont \u00e9quip\u00e9s en 220 volts et peuvent \u00eatre \u00e9quip\u00e9s en 380 volts sur demande.<br \/>\nDes toilettes sont disponibles sur place.<br \/>\nUn pont roulant et un Fenwick sont mis \u00e0 disposition, notre personnel se chargera de piloter ces machines.[\/vc_column_text][\/vc_column][\/vc_row][vc_row][vc_column][vc_btn title=\u00a0\u00bbAppelez-nous pour visiter !\u00a0\u00bb css=\u00a0\u00bb\u00a0\u00bb link=\u00a0\u00bburl:tel%3A%2B33612345678&Prime;]<style type='text\/css'>#cbpw-wrap79 {margin:0px 0px 0px 0px;}#cbpw-grid79 .cbp-l-caption-title {color:#FFFFFF;background-color:transparent;font-size:36px;font-family:Open Sans;font-weight:400;font-style:normal;line-height:21px;text-align:center;padding:0px 0px 0px 0px;margin:25% 0px 0px 0px;text-transform:none;}#cbpw-grid79 .cbp-l-caption-desc {color:#aaa;background-color:transparent;font-size:12px;font-family:Open Sans;font-weight:400;font-style:normal;line-height:16px;text-align:left;padding:0px 0px 0px 0px;margin:0px 0px 0px 0px;text-transform:none;}#cbpw-grid79 .cbp-caption-activeWrap {background-color:rgba(0,0,0,.35);}#cbpw-loadMore79 .cbp-l-loadMore-link {color:#7E7B7B;background-color:transparent;border-width:1px 1px 1px 1px;border-style:solid;border-color:#DEDEDE;font-size:12px;font-family:Open Sans,sans-serif;font-weight:400;font-style:normal;line-height:34px;text-align:center;padding:0px 30px 0px 30px;margin:40px 0px 0px 0px;text-transform:none;}#cbpw-loadMore79 .cbp-l-loadMore-link:hover {color:#B0B0B0;background-color:transparent;border-width:1px 1px 1px 1px;border-style:solid;border-color:#DEDEDE;font-size:12px;font-family:Open Sans,sans-serif;font-weight:400;font-style:normal;line-height:34px;text-align:center;padding:0px 30px 0px 30px;margin:40px 0px 0px 0px;text-transform:none;}#cbpw-loadMore79 .cbp-l-loadMore-loading {color:#B0B0B0;background-color:transparent;border-width:1px 1px 1px 1px;border-style:solid;border-color:#DEDEDE;font-size:12px;font-family:Open Sans,sans-serif;font-weight:400;font-style:normal;line-height:34px;text-align:center;padding:0px 30px 0px 30px;margin:40px 0px 0px 0px;text-transform:none;}#cbpw-loadMore79 .cbp-l-loadMore-loading:hover {color:#B0B0B0;background-color:transparent;border-width:1px 1px 1px 1px;border-style:solid;border-color:#DEDEDE;font-size:12px;font-family:Open Sans,sans-serif;font-weight:400;font-style:normal;line-height:34px;text-align:center;padding:0px 30px 0px 30px;margin:40px 0px 0px 0px;text-transform:none;}#cbpw-loadMore79 .cbp-l-loadMore-stop {color:#B0B0B0;background-color:transparent;border-width:1px 1px 1px 1px;border-style:solid;border-color:#DEDEDE;font-size:12px;font-family:Open Sans,sans-serif;font-weight:400;font-style:normal;line-height:34px;text-align:center;padding:0px 30px 0px 30px;margin:40px 0px 0px 0px;text-transform:none;}#cbpw-loadMore79 .cbp-l-loadMore-stop:hover {color:#B0B0B0;background-color:transparent;border-width:1px 1px 1px 1px;border-style:solid;border-color:#DEDEDE;font-size:12px;font-family:Open Sans,sans-serif;font-weight:400;font-style:normal;line-height:34px;text-align:center;padding:0px 30px 0px 30px;margin:40px 0px 0px 0px;text-transform:none;}#cbpw-singlePage79 .cbp-popup-navigation-wrap {background-color:#34425C;}#cbpw-singlePage79 .cbp-popup-singlePage-counter {color:#bbc0df;font-size:13px;font-family:Open Sans;font-weight:400;font-style:normal;}<\/style><link rel=\"stylesheet\" href=\"\/\/fonts.googleapis.com\/css?family=Open+Sans:400normal\" type=\"text\/css\" media=\"all\" property=\"stylesheet\"><div id=\"cbpw-wrap79\"><div id=\"cbpw-grid79\" class=\"cbp-l-grid-fullScreen cbp\"><div><div class=\"cbp-item logo cbp-ratio-even\" data-cbp-coverratio=\"4:3\"><a href=\"\/\/cevenord-besseges.com\/wp-content\/uploads\/2025\/11\/box-entiers.jpg\" class=\"cbp-caption cbp-lightbox\" style=\"\"><div class=\"cbp-caption-defaultWrap\"><img decoding=\"async\" src=\"\/\/cevenord-besseges.com\/wp-content\/uploads\/2025\/11\/box-entiers-copie.jpg\" alt=\"\"><\/div><div class=\"cbp-caption-activeWrap\"><div class=\"cbp-l-caption-alignLeft\"><div class=\"cbp-l-caption-body\"><div class=\"cbp-l-caption-title\">BOX \/ GARAGE<\/div><\/div><\/div><\/div><\/a><\/div><div class=\"cbp-item logo cbp-ratio-even\" data-cbp-coverratio=\"4:3\"><a href=\"\/\/cevenord-besseges.com\/wp-content\/uploads\/2025\/11\/box-interieur.jpg\" class=\"cbp-caption cbp-lightbox\" style=\"\"><div class=\"cbp-caption-defaultWrap\"><img decoding=\"async\" src=\"\/\/cevenord-besseges.com\/wp-content\/uploads\/2025\/11\/box-interieur-copie.jpg\" alt=\"\"><\/div><div class=\"cbp-caption-activeWrap\"><div class=\"cbp-l-caption-alignLeft\"><div class=\"cbp-l-caption-body\"><div class=\"cbp-l-caption-title\">BOX \/ GARAGE<\/div><\/div><\/div><\/div><\/a><\/div><div class=\"cbp-item logo cbp-ratio-even\" data-cbp-coverratio=\"4:3\"><a href=\"\/\/cevenord-besseges.com\/wp-content\/uploads\/2025\/11\/compteur-box.jpg\" class=\"cbp-caption cbp-lightbox\" style=\"\"><div class=\"cbp-caption-defaultWrap\"><img decoding=\"async\" src=\"\/\/cevenord-besseges.com\/wp-content\/uploads\/2025\/11\/compteur-box-copie.jpg\" alt=\"\"><\/div><div class=\"cbp-caption-activeWrap\"><div class=\"cbp-l-caption-alignLeft\"><div class=\"cbp-l-caption-body\"><\/div><\/div><\/div><\/a><\/div><div class=\"cbp-item logo cbp-ratio-even\" data-cbp-coverratio=\"4:3\"><a href=\"\/\/cevenord-besseges.com\/wp-content\/uploads\/2025\/11\/box-interieur-base.jpg\" class=\"cbp-caption cbp-lightbox\" data-title=\"BOX\" style=\"\"><div class=\"cbp-caption-defaultWrap\"><img decoding=\"async\" src=\"\/\/cevenord-besseges.com\/wp-content\/uploads\/2025\/11\/box-interieur-base-copie.jpg\" alt=\"\"><\/div><div class=\"cbp-caption-activeWrap\"><div class=\"cbp-l-caption-alignLeft\"><div class=\"cbp-l-caption-body\"><div class=\"cbp-l-caption-title\">BOX \/ GARAGE<\/div><\/div><\/div><\/div><\/a><\/div><\/div><\/div><\/div><script type=\"text\/javascript\">this.initCubePortfolio =  this.initCubePortfolio || []; this.initCubePortfolio.push({id: 79, options: {\"filters\":\"\",\"loadMore\":\"\",\"loadMoreAction\":\"click\",\"search\":\"\",\"layoutMode\":\"grid\",\"sortToPreventGaps\":false,\"drag\":true,\"auto\":false,\"autoTimeout\":5000,\"autoPauseOnHover\":true,\"showNavigation\":true,\"showPagination\":true,\"rewindNav\":true,\"scrollByPage\":false,\"defaultFilter\":\"*\",\"filterDeeplinking\":false,\"animationType\":\"fadeOutTop\",\"gridAdjustment\":\"responsive\",\"mediaQueries\":[{\"width\":1400,\"cols\":3},{\"width\":1170,\"cols\":3},{\"width\":1024,\"cols\":3},{\"width\":960,\"cols\":3},{\"width\":778,\"cols\":2},{\"width\":640,\"cols\":2},{\"width\":480,\"cols\":1}],\"gapHorizontal\":20,\"gapVertical\":20,\"caption\":\"zoom\",\"displayType\":\"bottomToTop\",\"displayTypeSpeed\":100,\"lightboxDelegate\":\".cbp-lightbox\",\"lightboxGallery\":true,\"lightboxTitleSrc\":\"data-title\",\"lightboxCounter\":\"<div class=\\\"cbp-popup-lightbox-counter\\\">{{current}} of {{total}}<\/div>\",\"singlePageDelegate\":\".cbp-singlePage\",\"singlePageDeeplinking\":true,\"singlePageStickyNavigation\":true,\"singlePageCounter\":\"<div class=\\\"cbp-popup-singlePage-counter\\\">{{current}} of {{total}}<\/div>\",\"singlePageAnimation\":\"middle\",\"singlePageInlineDelegate\":\".cbp-singlePageInline\",\"singlePageInlineDeeplinking\":false,\"singlePageInlinePosition\":\"above\",\"singlePageInlineInFocus\":true,\"plugins\":{},\"cols\":3,\"displayItemsLoadMore\":3,\"coverRatio\":\"16:9\"}});<\/script>[\/vc_column][\/vc_row][vc_row][vc_column]<div class=\"ult-spacer spacer-69fb1c1c59803\" data-id=\"69fb1c1c59803\" data-height=\"80\" data-height-mobile=\"50\" data-height-tab=\"80\" data-height-tab-portrait=\"60\" data-height-mobile-landscape=\"50\" style=\"clear:both;display:block;\"><\/div>[\/vc_column][\/vc_row]<\/p>\n<\/div>","protected":false},"excerpt":{"rendered":"<p>[vc_row][vc_column][vc_column_text css=\u00a0\u00bb\u00a0\u00bb]Location de box de 36 m\u00b2 \u00e0 72 m\u00b2 avec acc\u00e8s par volet roulant \u00e9lectrique de 3m x 3m, ainsi qu\u2019une porte de service. Possibilit\u00e9 de coupler 2 box pour augmenter votre surface. \u00c0 partir de 210 \u20ac (charges comprises sauf \u00e9lectricit\u00e9). Ces locaux sont \u00e9quip\u00e9s en 220 volts et peuvent \u00eatre \u00e9quip\u00e9s en [&hellip;]<\/p>\n","protected":false},"author":1,"featured_media":2297,"parent":386,"menu_order":0,"comment_status":"closed","ping_status":"closed","template":"page.php","meta":{"footnotes":""},"class_list":["post-2270","page","type-page","status-publish","has-post-thumbnail","hentry"],"_links":{"self":[{"href":"https:\/\/cevenord-besseges.com\/index.php\/wp-json\/wp\/v2\/pages\/2270","targetHints":{"allow":["GET"]}}],"collection":[{"href":"https:\/\/cevenord-besseges.com\/index.php\/wp-json\/wp\/v2\/pages"}],"about":[{"href":"https:\/\/cevenord-besseges.com\/index.php\/wp-json\/wp\/v2\/types\/page"}],"author":[{"embeddable":true,"href":"https:\/\/cevenord-besseges.com\/index.php\/wp-json\/wp\/v2\/users\/1"}],"replies":[{"embeddable":true,"href":"https:\/\/cevenord-besseges.com\/index.php\/wp-json\/wp\/v2\/comments?post=2270"}],"version-history":[{"count":3,"href":"https:\/\/cevenord-besseges.com\/index.php\/wp-json\/wp\/v2\/pages\/2270\/revisions"}],"predecessor-version":[{"id":2305,"href":"https:\/\/cevenord-besseges.com\/index.php\/wp-json\/wp\/v2\/pages\/2270\/revisions\/2305"}],"up":[{"embeddable":true,"href":"https:\/\/cevenord-besseges.com\/index.php\/wp-json\/wp\/v2\/pages\/386"}],"wp:featuredmedia":[{"embeddable":true,"href":"https:\/\/cevenord-besseges.com\/index.php\/wp-json\/wp\/v2\/media\/2297"}],"wp:attachment":[{"href":"https:\/\/cevenord-besseges.com\/index.php\/wp-json\/wp\/v2\/media?parent=2270"}],"curies":[{"name":"wp","href":"https:\/\/api.w.org\/{rel}","templated":true}]}}